uppose 4*j - j = -6. Let c = 9 - 7. List the prime factors of 27/(-6)*j + c.
11
What are the prime factors of -2*(-5)/(((-7)/(-4))/7)?
2, 5
Let h(w) be the third derivative of w**5/60 - 7*w**4/24 + w**3/6 - 2*w**2. Let b be h(7). What are the prime factors of (-2)/((-4)/6*b)?
3
What are the prime factors of 2 + 5/(-3) + (-2015)/(-93)?
2, 11
Let g = 157 + 15. What are the prime factors of g?
2, 43
Suppose -4*k + 9 = -3. Suppose 3*n - 82 = -k*m + 68, 0 = 2*n - 4*m - 124. List the prime factors of n.
2, 3
Let a(p) = 25*p - 3. Let y be a(3). Suppose -m = 5*h - 2*m - 111, -y = -4*h + 5*m. What are the prime factors of h?
23
Suppose 3*v = 7*v - 128. What are the prime factors of v?
2
Let h = 137 - 81. Suppose 4*j - s = -5*s + h, 2*s = 4*j - 38. Let y = j + 4. List the prime factors of y.
3, 5
Let s(b) = -b**3 - b**2 + 2. Let y be s(-4). Suppose -4*m + 7*m = -5*l + y, -3*m - 10 = -l. List the prime factors of l.
2, 5
Suppose -75 = -3*z + 4*d, -2*d - d - 114 = -5*z. Let l be (44/8)/((-2)/4). Let r = z + l. List the prime factors of r.
2, 5
Let t(j) = -j**2 + 24. Let m be t(0). Let a = m + 16. What are the prime factors of a?
2, 5
Let j = 144 - 64. Let n be (-54)/(-10) - 8/20. Suppose -2*w = n*r - 3*w - 104, 5*w + j = 3*r. What are the prime factors of r?
2, 5
Let l = -23 - -9. Let r = l + 40. List the prime factors of r.
2, 13
Suppose -2*o - 4*s - 24 = -62, -o - s + 16 = 0. Suppose 8 = d - o. What are the prime factors of d?
3, 7
Suppose 0 = 107*r - 105*r - 828. What are the prime factors of r?
2, 3, 23
Let u be (-6)/(-3)*(-1)/2. Let b = -6 + 11. Let t = b - u. What are the prime factors of t?
2, 3
Suppose h = 2*h - 1. Suppose -5*x - f - 2*f = h, -2*x + 8 = 4*f. Let o = x + 10. List the prime factors of o.
2
Suppose 4*l + 0*l - 3*m - 17 = 0, 5 = 4*l + m. Let b = 17 + -12. Suppose -n + l = 3, 5*u - 65 = -b*n. What are the prime factors of u?
2, 7
Suppose 0 = j - 176 + 15. Suppose -5*r - 4*v = -225, j = 5*r - 3*v - 29. What are the prime factors of r?
41
Suppose -3*a = 4*r - 253, -4*a + r + 391 = a. List the prime factors of a.
79
Let c = 0 - -15. What are the prime factors of c?
3, 5
Let p(r) = r**3 + r - 2. Let o be p(3). Suppose -5*b + b = -o. What are the prime factors of b?
7
Suppose o + 48 = 2*h + 2*o, -3*o = 0. List the prime factors of h.
2, 3
Suppose 0 = 5*v - 4*d + 2*d - 22, 3*v - 9 = -3*d. Suppose -2*i + 2 = -v*l - 0, -i - l = -4. List the prime factors of i.
3
Suppose -6*j = -3*j + 15. List the prime factors of (6/j)/(1/(-15)).
2, 3
Suppose 3*i = -2*t + 260, 9*i = -2*t + 4*i + 264. What are the prime factors of t?
127
Let h = -54 - -84. List the prime factors of h/3*(0 - -1).
2, 5
Let j be (3 + 0)/(6/4). Let t be (0/1)/2 + 30. Suppose -j*d = d - t. List the prime factors of d.
2, 5
Let o(g) = g - 2. Let b be o(2). Let a = -2 + b. Let z = 6 + a. What are the prime factors of z?
2
Let p be (2 + -1)/((-2)/6). List the prime factors of (p + -30)/(-1) + -4.
29
Suppose -2*l - 5*s = -349, -3*s + 162 = l + 2*s. What are the prime factors of l?
11, 17
Suppose -3*w = -16 - 5. Suppose 0 = -c - w + 25. Let o = c - 10. What are the prime factors of o?
2
Suppose 431 + 490 = 3*y. List the prime factors of y.
307
Let h = 431 - 258. What are the prime factors of h?
173
Let b = 0 + -2. Let r = 0 - b. What are the prime factors of (-1)/r + (-11)/(-2)?
5
Let z(y) = y**2 - 2*y + 4. Let j be z(7). Suppose j = -5*a + 194. What are the prime factors of a?
31
Let v(x) = x**3 + 7*x**2 - 4*x + 5. List the prime factors of v(-7).
3, 11
Let y be 10/35 - 10/(-14). Let s(b) = 5*b - b**2 + y + 7 - 3. What are the prime factors of s(5)?
5
Let n = -19 + 39. What are the prime factors of n?
2, 5
List the prime factors of 50/3*18/15.
2, 5
Suppose 5*v = 10 + 5. Suppose -n - 12 = -v*n. List the prime factors of n.
2, 3
Let o(c) be the first derivative of -c**3/3 + 9*c**2/2 - c - 1. What are the prime factors of o(8)?
7
Let r(h) = 18*h + 12. Let j(n) = -6*n - 4. Let f(i) = -10*j(i) - 3*r(i). Let y(m) = 6*m + 4. Let q(u) = -6*f(u) + 5*y(u). What are the prime factors of q(-3)?
2, 7
Let l = -44 + 24. List the prime factors of (-4)/l - 9/(-5).
2
Let a = 89 - 86. List the prime factors of a.
3
What are the prime factors of (6/3 - 8)/(2/(-60))?
2, 3, 5
Let v(n) = -n - 3. Let s be v(-5). Suppose -21 = -s*x - x. List the prime factors of x.
7
Let o(z) = 2*z**2 + 12*z + 8. List the prime factors of o(-10).
2, 11
Let a = -7 - -12. Suppose g - 5*q = -7, q - 4 = -2*g + a*q. List the prime factors of g.
2
Suppose -b - 4*s = 0, 5*b - 2*b = -5*s. Suppose -5*r - 2*x + 96 = b, -2*x - 2*x = r - 30. What are the prime factors of r?
2, 3
Let o(c) = -3*c - 3 + 0*c + 4*c + 0*c. What are the prime factors of o(5)?
2
Suppose -3*m - 6 = -5*m. Let o be 1/(-2)*-6 - 0. Suppose -o*n = -m*f - 3, -3*f = -n + 3*n - 22. List the prime factors of n.
5
Let d(a) = -a - 3. Let q be d(-3). Let o be q/1*(-1 + 2). Suppose o = -3*n - g + 5*g + 52, 5*n = -g + 102. What are the prime factors of n?
2, 5
Let v(a) = -a**2 + 5*a + 5. Let l be v(7). Let d = l - -15. What are the prime factors of (d/(-7))/(1/(-7))?
2, 3
Let j(d) = -5*d - 9 + 0*d + 2*d**2 + 0*d - d**2. What are the prime factors of j(9)?
3
Suppose -7 = -v - 4. Suppose 0 = v*n + 5*k - 34, 2*n + 2*n - 7 = k. What are the prime factors of n?
3
Let i = -4 + 6. Suppose 0 = -x - 5*r - 11 - 1, 3*r = -i*x + 4. Let c = 11 - x. List the prime factors of c.
3
Let y = 97 + -56. Suppose 112 = 3*j - 4*k, 3*j - 64 - y = -3*k. Suppose j = 3*m + m. List the prime factors of m.
3
Suppose 0*v = -v + 6. Suppose -s = -v*s. Suppose s = -4*y + 11 + 5. What are the prime factors of y?
2
Suppose n = 13 + 14. Suppose 0 = 5*w - 3 - n. What are the prime factors of w?
2, 3
Suppose 0 = 2*z - 134 + 30. What are the prime factors of z?
2, 13
Let a(m) = m + 3 + 0 - 3. List the prime factors of a(6).
2, 3
Suppose -3*m - 2*a - 5 - 8 = 0, m + 6 = -a. Let k = m - -5. What are the prime factors of k?
2
Let t = 48 - -23. What are the prime factors of t?
71
Suppose 4*l = -2*r + 7*r + 133, 0 = -4*r - 20. List the prime factors of l.
3
Let m(v) = 15*v**3 - v**2 - v + 1. What are the prime factors of m(2)?
5, 23
Let x(k) = k**2 + 9*k + 6. Let m be x(-9). Let r = m + 3. What are the prime factors of r?
3
Suppose m - k + 32 = 4*m, k = 2. What are the prime factors of m?
2, 5
Let j(m) = -m**3 + m**2 + 3*m - 2. Let u be j(2). Suppose u*h - 26 = -2*h. List the prime factors of h.
13
Suppose 2*b = -2*b - 4*u + 16, 4*b - 5*u = 25. Suppose b*k - 170 = -20. List the prime factors of k.
2, 3, 5
Let f = -5 + 10. What are the prime factors of ((-30)/(-4))/f*2?
3
Suppose -4*k = w + 10, w - k - 13 = -4*w. Suppose w*m - 6*m + 8 = 0. What are the prime factors of m?
2
Let u = 15 - 33. Let d = -25 - u. Let y = 11 + d. What are the prime factors of y?
2
Let v be 0/(-1 - (-6)/3). Suppose -3*z + 18 + 3 = v. What are the prime factors of z?
7
Suppose 5*m = -2*j + 29, 3*m = -m + 4*j + 40. Suppose d = 3*d - 90. Suppose x + 19 = 5*l, -2*x + m*x = -3*l + d. List the prime factors of x.
2, 3
Let n(h) = h**3 - 24*h**2 - 15*h + 27. List the prime factors of n(25).
277
Suppose 3 = 2*o - 13. Let k(b) = -b + 6. Let a(v) = 12*v - 78. Let f(u) = -2*a(u) - 27*k(u). List the prime factors of f(o).
2, 3
Let g(f) = -f**2 - 2*f + 2. Let y be g(-2). Suppose 3*u - 17 = y*u. List the prime factors of u.
17
Let q = 314 - 214. List the prime factors of q.
2, 5
What are the prime factors of (-18)/(-6) + (-68)/(-2)?
37
Let u be (1 - -1) + -3 + 5. Suppose -u*h + 2*y = -2*y - 20, -3*h + 5*y + 11 = 0. What are the prime factors of h?
7
Let j(i) = -3*i - 5. Let x be j(-3). Suppose -93 = -x*r + 67. List the prime factors of r.
2, 5
Let s = -54 - -76. Suppose -4*v + s = -2*i, 2*v + 2*i - 20 = -0*i. List the prime factors of v.
7
Let g(d) = -d**2 - 20*d + 29. What are the prime factors of g(-20)?
29
Let h = 102 + -59. List the prime factors of h.
43
Suppose -3*o + 7 = -17. Let u(g) = 3*g - 6 + g**3 - 4*g + 9*g**2 - 6*g - 2*g**3. List the prime factors of u(o).
2
Let p = 62 - -4. What are the prime factors of p?
2, 3, 11
Let k be (-2 - 0 - 1) + 3. Suppose -8*w + 6*w + 46 = k. List the prime factors of w.
23
Let u = 25 + -4. What are the prime factors of u?
3, 7
Let h(a) = -a**2 + 2*a + 4. Let t be h(3). List the prime factors of 2/(t - (-1)/(-2)).
2